) = 2*i**2 + 1 + 7*i - i**2 + 2. Suppose -2*m + 3*n + 33 = 0, 4*m + 4*n = -0*n + 116. Let w be -1*(-1 - m/(-4)). Determine k(w).
-7
Let t(y) = 9 - 4*y**2 + 2*y + 0*y**2 + 3*y**2. Let u(h) = h + 1. Let w be (-10)/(-18) - 20/(-45). Let m(o) = w*t(o) - 5*u(o). Determine m(-4).
0
Let u(r) = -2*r + 2. Let x(l) = -l + 3. Let w(d) = 6*u(d) - 4*x(d). Let t be (-5)/2*6/(-15). What is w(t)?
-8
Let o(y) = -9*y**2 - y + 1. Let g be (-7)/35 - (-21)/5. Suppose g*p = 6*p - 2. Calculate o(p).
-9
Let z(w) = 2*w**2 + 6*w - 9. Let l be z(5). Let q(v) = l - 76 + 2*v**2 - 2*v + 2*v**2 + v**3. Determine q(-5).
-20
Let c(u) = -u**3 - u**2 + 1. Let o = -41 + 28. Let h = 6 + 6. Let b = h + o. Give c(b).
1
Let m = -3 - -6. Let i(j) = 4*j**2 + 0*j + 5 - m - j**2 + 3*j. Let d(v) = 10*v**2 + 9*v + 6. Let o(k) = 2*d(k) - 7*i(k). Determine o(-4).
-6
Let g(c) = 1 + 2*c**2 - 1 + 1 - 3. Let q = -1566 + 1568. Calculate g(q).
6
Let z(n) be the third derivative of -1/24*n**4 + 0 + 5*n**2 + 0*n - 1/3*n**3. Give z(-8).
6
Let z(j) = -5 + j - 4*j**2 + 1 + 3. Suppose -3*y + 36 = -3. Let d be (-2)/y - 84/(-39). What is z(d)?
-15
Let g(k) be the third derivative of -k**5/60 - k**4/12 + 2*k**3/3 - k**2. Let w = -121 - -211. Let b = 87 - w. What is g(b)?
1
Let k be (18/(-36))/(1/(-6)). Suppose 2*f + 18 = -4*w, -3*w = k*f + 5 + 16. Let v(h) = -h**2 - 8*h - 5. Give v(f).
10
Let w(h) be the second derivative of h**4/12 - 5*h**3/6 + 3*h**2/2 + 2*h + 15. Calculate w(3).
-3
Let k(j) be the second derivative of -j**5/20 + j**4/12 - j**3/3 - 39*j**2/2 - 3*j + 196. Determine k(0).
-39
Let n(s) = -4*s**3 + 5*s**2 + 16*s - 4. Let p(i) = i**3 - 3*i + 1. Let a(g) = n(g) + 5*p(g). What is a(-5)?
-4
Let m(a) = 5*a**3 + a**2 - 1. Suppose y + 9 = 8. Calculate m(y).
-5
Let k(c) = -2*c. Let x be k(-3). Let s(w) = 2*w**2 - 14*w**2 + 11*w**2 + 4 + 5*w + 1. What is s(x)?
-1
Let k = -78 + 81. Let a(m) = 22 - 16*m**k - 10 - 13 + m**2. Determine a(1).
-16
Suppose q - 27 = -4*c + 4*q, 5*q + 30 = 5*c. Let r(w) = w**2 - 7*w - 31. Let o be r(c). Let p(u) = -u**3 - 13*u**2 - u - 19. Calculate p(o).
-6
Let t be (-120)/48 + (-10)/4. Let c(v) = -v**2 - 3*v + 9. Give c(t).
-1
Let d = 4 - 1. Suppose -2*a + 5*b - 180 = -7*a, d*b + 78 = 3*a. Let q = a + -29. Let x(w) = 8*w + 2. Give x(q).
18
Let n(f) be the third derivative of 1/24*f**4 - 7/6*f**3 + 0 + 18*f**2 + 0*f. What is n(6)?
-1
Suppose u = -u + 8. Suppose -5*g + 16 = -u. Let q(r) = -r**2 + 1. Let b(n) = -n**3 + 8*n**2 - 5*n - 1. Let w(m) = g*q(m) + b(m). Give w(3).
-3
Let h(q) = 0*q**2 - q**2 - q**2 - 3*q**2. Let t be h(1). Let y(x) be the third derivative of -x**6/120 - x**5/10 - x**4/8 + 7*x**3/6 - x**2. What is y(t)?
-3
Let z(h) = -37*h**3 + 12*h**2 + 9*h - 7. Let s(p) = -16*p**3 + 5*p**2 + 4*p - 3. Let o(d) = 7*s(d) - 3*z(d). Give o(-3).
15
Let k(z) = z**2 + 5*z + 3. Suppose 0 = -11*g - 30 - 25. What is k(g)?
3
Let f(r) = -r**3 + 6*r**2 + 1. Suppose 0 = 4*x + 20, 0*x = -4*d - 2*x - 10. Suppose d*g - 20 = -2*z - 2*g, 3*g = 2*z. What is f(z)?
1
Let n = -8 + 6. Let a be 1 - (-2 - 2) - 2. Let i = a + n. Let h(c) = -c**3 + 2*c**2 - c + 1. Give h(i).
1
Let u = -496 + 499. Let p(z) be the second derivative of 3*z**2 - 9*z - 1/12*z**4 + 5/6*z**u + 0. Give p(6).
0
Let f(r) be the third derivative of -29*r**4/24 + r**3/6 - 2*r**2 - 16*r. What is f(1)?
-28
Let l be (-25 + 15)/(0 + -2). Let i(k) be the second derivative of k**4/12 - 5*k**3/6 - k. Determine i(l).
0
Suppose 4*y = 9*y - 150. Let t(u) = y*u**3 - 5 + 1 - 31*u**3 + 7*u**2 + 0. Give t(7).
-4
Let t(g) = -10 - g - 6 + 19. Let a = -77 - -53. Let q = 17 + a. Give t(q).
10
Let j(p) = -3*p + 0*p - p**3 + 4 + 4*p + 0*p + 3*p**2. Let u(t) be the first derivative of t**3/3 - t**2 + t - 5. Let h be u(3). Give j(h).
-8
Let l = -273 - -275. Let b(g) = -2*g**3 + g**2 + 4*g. Determine b(l).
-4
Let u(z) be the first derivative of 3*z**3 + 3*z**2/2 - 3*z + 23. Calculate u(2).
39
Let c(h) = 10*h**2 - 13*h - 10. Let k(f) = -18*f**2 + 22*f + 20. Let q(x) = -7*c(x) - 4*k(x). Give q(3).
17
Let t(i) = -8*i**3 + 12*i + 23*i**3 - 14*i**3 - 16 + 14*i**2. Calculate t(-13).
-3
Let s(b) = -3*b**3 + 57*b**2 - b + 11. Let q be s(19). Let x(o) = -o**3 - 8*o**2 + o. Determine x(q).
-8
Let t be (75/(-5))/(-5) + (-2 - -4). Suppose 5*x = -v + 3 + 2, -5 = t*x + 3*v. Let f(j) = -j**2 + 3*j + 2. Determine f(x).
4
Let l(t) = 20*t - 1. Let m(f) = 79*f - 5. Let k(j) = 9*l(j) - 2*m(j). Determine k(-1).
-21
Suppose 119*j + 15 = 114*j. Let h(r) = -2*r**2 - r - 1. Give h(j).
-16
Let j(w) = w**3 + 8*w**2 - 8*w + 5. Suppose 41 = 7*i + 104. Calculate j(i).
-4
Suppose 317*s - 314*s = 63. Let l(c) = -c**2 + 19*c + 43. Give l(s).
1
Let v(u) be the first derivative of -u**2/2 - 10*u + 695. Give v(-10).
0
Let q(c) be the third derivative of -c**4/24 + c**3/6 - 8*c**2. Let d be q(-4). Let s(f) = f**3 - 3*f**2 - 7*f + 5. Determine s(d).
20
Let n(m) = -10 - 5*m - 3*m + 6*m**2 + 0*m + m**3. Suppose 2*a + 13 = -3*t, -13*a + 18*a = -3*t - 1. Determine n(t).
-3
Let w(g) = g**3 + 5*g**2 - g - 10. Let h(i) = -5*i**2 - 3*i**3 - 6*i**2 - 282*i - 5*i**2 + 30 + 285*i. Let p(n) = -3*h(n) - 8*w(n). Calculate p(-8).
-2
Let m(n) be the second derivative of 0*n**3 + 6*n + 0 - 1/120*n**5 + 0*n**2 - 1/4*n**4 - 1/144*n**6. Let q(x) be the third derivative of m(x). Give q(1).
-6
Suppose -4*g = 8 + 4. Let b = 0 + g. Let s(r) = -r**3 - 2*r**2 + 2*r + 1. What is s(b)?
4
Let h(s) be the first derivative of -s + 20 - 1/4*s**4 - 1/3*s**3 + 3/2*s**2. Calculate h(2).
-7
Suppose -11 = -3*q - 5. Suppose -3*a - q*r = -3, -2*r + 9 = r. Let n(c) = -4*c - 1. Calculate n(a).
3
Let u(b) = -13*b - 5. Let y(a) = 3*a + 1. Let t(j) = 4*u(j) + 18*y(j). Let i(s) = -1. Let w(p) = -5*i(p) + t(p). Determine w(-3).
-3
Suppose 4*c + 3*c = 49. Let k be 264/(-56) + (-2)/c. Let t(s) = 3*s - 1. Determine t(k).
-16
Suppose -6*g + 4*g + 10 = -3*f, 0 = -f - 2*g + 2. Let o(x) = 4*x**2 + 2*x - 2. What is o(f)?
10
Let r(g) = 4*g + 7. Suppose -13 - 29 = -3*t. Let p = 8 - t. Give r(p).
-17
Let z(n) = n - n**2 - 9*n + 13*n + 6 + 4*n. Calculate z(10).
-4
Let t(i) = -4*i + 66. Let s be t(14). Let m(g) = 27*g**3 - 1 + g - 31*g**3 + 9*g**2 - s*g**2. Calculate m(1).
-5
Let j be (-520)/(-364) + (-3)/(-21)*4. Let h(l) = -l**2 + l. Determine h(j).
-2
Let n = 813 - 817. Let v(r) = -r**3 - 5*r**2 - 3*r. Determine v(n).
-4
Let z(b) = 7*b**2 + 14*b + 16. Let y(i) = 6*i**2 + 13*i + 15. Let u = 160 - 155. Let j(v) = u*z(v) - 6*y(v). What is j(-9)?
-19
Suppose -2 = -2*a, -2*q + 4*a = 3*q - 456. Let k(t) = -q + t - 3*t + 86. Calculate k(-7).
8
Suppose -11*c + 14 = -16*c + 4*j, 5*c + 12 = 2*j. Let r(h) = -h**3 + h**2 + 3*h. Give r(c).
6
Let k(x) = -25 - 6*x + 19*x - 15*x + 58 + 0*x. Determine k(19).
-5
Let v(g) = g**2 - 13*g - 4. Let s = -305 - -318. Determine v(s).
-4
Let v(o) = -o**2 + 9*o + 2. Let u be v(9). Let j(k) = -1 + 1 + 28*k**2 - 29*k**u - 2 - k. Give j(-2).
-4
Let w(l) = 6*l**3 - l**2 + l - 1. Let u be w(1). Let z(q) = q**3 - 5*q**2 + 3*q - 5. Let p be z(u). Let g(t) = 1 + 7*t - 3 - p*t. What is g(2)?
-8
Let u(y) = 2*y + 9. Let l be u(-4). Let t be (-2 + l)*(-5 - -2). Let p(z) = -z + 3. Let w(f) = f - 1. Let h(d) = t*w(d) - p(d). Calculate h(5).
14
Suppose -3*n - 5*a = -22, -n + 4*a - 17 = -4*n. Let s(h) = -7*h**3 - h. Give s(n).
8
Let b(r) = -1 + 6*r - 4*r - r + 12*r**2 + 0. Give b(1).
12
Suppose -5*f - 18 = 4*m - 2*m, 0 = -2*f + m - 9. Let p(w) = w**3 + 4*w**2 + 2*w + 10. Give p(f).
2
Let q be 2/3 + (-12)/(-9). Suppose -2*a + 5*x + 10 = a, 5*x = 5*a - 10. Let n(h) = -h**2 + q + 0 - h + a*h + 0. Give n(-3).
-4
Suppose 4*y = 8*y - 8. Let c be (7/21)/(y/24). Let i = 1 - c. Let q(k) = -2*k - 1. Give q(i).
5
Let r(g) be the third derivative of g**8/6720 - g**7/2520 + g**6/720 + g**5/20 + 5*g**4/6 + 12*g**2. Let o(m) be the second derivative of r(m). What is o(0)?
6
Let t(s) be the first derivative of s**3/3 - 5*s**2/2 - 10*s - 14. What is t(7)?
4
Let d(j) be the first derivative of j**2/2 + 7*j + 2. Let f be d(-6). Let h(b) = 3*b + 8*b - 1 - 21*b + 8*b + 5*b. Determine h(f).
2
Let f = -7 - -13. Let i(p) = 5*p**2 - 8*p - 1. Let d(u) = -4*u**2 + 8*u. Let b(v) = -4*d(v) - 3*i(v). Give b(f).
-9
Suppose 13*w - 50 = -5*m + 18*w, 4*w = -5*m + 14. Let v(t) = -t + 12. What is v(m)?
6
Let s(n) = 2 - 84*n**2 + 0*n + 5*n + 85*n**2. Determine s